{"id":4197,"date":"2025-02-26T12:57:19","date_gmt":"2025-02-26T12:57:19","guid":{"rendered":"https:\/\/sovejaverde.ro\/?page_id=4197"},"modified":"2025-07-21T09:55:26","modified_gmt":"2025-07-21T09:55:26","slug":"circuitul-de-gestionare-a-deseurilor-invatam-sa-protejam-natura","status":"publish","type":"page","link":"https:\/\/sovejaverde.ro\/index.php\/circuitul-de-gestionare-a-deseurilor-invatam-sa-protejam-natura\/","title":{"rendered":"Circuitul de gestionare a de\u0219eurilor"},"content":{"rendered":"[vc_row type=&#8221;in_container&#8221; full_screen_row_position=&#8221;middle&#8221; column_margin=&#8221;default&#8221; column_direction=&#8221;default&#8221; column_direction_tablet=&#8221;default&#8221; column_direction_phone=&#8221;default&#8221; scene_position=&#8221;center&#8221; text_color=&#8221;dark&#8221; text_align=&#8221;left&#8221; row_border_radius=&#8221;none&#8221; row_border_radius_applies=&#8221;bg&#8221; overflow=&#8221;visible&#8221; overlay_strength=&#8221;0.3&#8243; gradient_direction=&#8221;left_to_right&#8221; shape_divider_position=&#8221;bottom&#8221; bg_image_animation=&#8221;none&#8221;][vc_column column_padding=&#8221;no-extra-padding&#8221; column_padding_tablet=&#8221;inherit&#8221; column_padding_phone=&#8221;inherit&#8221; column_padding_position=&#8221;all&#8221; column_element_direction_desktop=&#8221;default&#8221; column_element_spacing=&#8221;default&#8221; desktop_text_alignment=&#8221;default&#8221; tablet_text_alignment=&#8221;default&#8221; phone_text_alignment=&#8221;default&#8221; background_color_opacity=&#8221;1&#8243; background_hover_color_opacity=&#8221;1&#8243; column_backdrop_filter=&#8221;none&#8221; column_shadow=&#8221;none&#8221; column_border_radius=&#8221;none&#8221; column_link_target=&#8221;_self&#8221; column_position=&#8221;default&#8221; gradient_direction=&#8221;left_to_right&#8221; overlay_strength=&#8221;0.3&#8243; width=&#8221;1\/1&#8243; tablet_width_inherit=&#8221;default&#8221; animation_type=&#8221;default&#8221; bg_image_animation=&#8221;none&#8221; border_type=&#8221;simple&#8221; column_border_width=&#8221;none&#8221; column_border_style=&#8221;solid&#8221;][vc_column_text css=&#8221;&#8221; text_direction=&#8221;default&#8221;]\n<h1>\ud83c\udf0d Circuitul de gestionare a de\u0219eurilor: \u00cenv\u0103\u021b\u0103m s\u0103 protej\u0103m natura! \ud83d\udeae<\/h1>\n<p>\ud83c\udf1f Elevii din Vidra devin eroi ai mediului! \ud83c\udf1f<br \/>\nCei 50 de elevi de la Liceul \u201eSimion Mehedin\u021bi\u201d din Vidra au participat la un seminar captivant despre gestionarea corect\u0103 a de\u0219eurilor \u0219i protejarea mediului \u00eenconjur\u0103tor. Prin activit\u0103\u021bi educative \u0219i interactive, ace\u0219tia au descoperit cum pot contribui la o planet\u0103 mai curat\u0103 \u0219i mai s\u0103n\u0103toas\u0103.<br \/>\n\ud83d\udeae Ce au \u00eenv\u0103\u021bat?<br \/>\n\u2714\ufe0f Cum s\u0103 sorteze corect de\u0219eurile \u2013 identific\u00e2nd locul potrivit pentru plastic, h\u00e2rtie, sticl\u0103 \u0219i resturi menajere.<br \/>\n\u2714\ufe0f De ce reciclarea \u0219i reutilizarea sunt esen\u021biale pentru a reduce poluarea.<br \/>\n\u2714\ufe0f Importan\u021ba compost\u0103rii de\u0219eurilor biodegradabile pentru un sol mai s\u0103n\u0103tos.<br \/>\n\ud83c\udf89 Activit\u0103\u021bi care i-au captivat:<br \/>\n\ud83d\udca1 Jocuri interactive despre tipurile de de\u0219euri \u0219i containerele corespunz\u0103toare.<br \/>\n\ud83d\udcd6 Pove\u0219ti inspira\u021bionale despre tineri care au f\u0103cut o diferen\u021b\u0103 \u00een comunit\u0103\u021bile lor.<br \/>\n\ud83c\udf31 Felicit\u0103ri, tinerilor eroi din Vidra! A\u021bi demonstrat c\u0103 ave\u021bi puterea s\u0103 schimba\u021bi lumea \u00een bine. \u00cempreun\u0103, putem transforma Vidra \u00eentr-un exemplu de grij\u0103 pentru mediu! \ud83d\udc9a<br \/>\n#Protej\u0103mNatura #EroiiMediului #ReciclarePentruViitor<br \/>\n&#8212;&#8212;&#8212;&#8212;&#8212;&#8212;&#8212;&#8212;&#8212;&#8212;&#8212;&#8212;&#8212;&#8212;&#8212;&#8212;&#8212;&#8212;&#8212;&#8212;&#8212;&#8212;&#8212;&#8212;&#8211;<br \/>\nProiectul ,,SOVEJA Verde prin Educa\u021bie de Mediu\u201d este finan\u021bat prin Administratia Fondului pentru Mediu, cod proiect: 598\/H\/13.06.2024<br \/>\n#AFM #ECO #ProtejeazaNatura #ProtectiaMediului #EducatieVerde[\/vc_column_text][vc_gallery css=&#8221;&#8221; type=&#8221;image_grid&#8221; images=&#8221;4199,4200,4201,4202,4203,4204,4205,4206&#8243; image_grid_loading=&#8221;default&#8221; layout=&#8221;4&#8243; item_spacing=&#8221;default&#8221; gallery_style=&#8221;7&#8243; load_in_animation=&#8221;none&#8221;][\/vc_column][\/vc_row]\n","protected":false},"excerpt":{"rendered":"<p>[vc_row type=&#8221;in_container&#8221; full_screen_row_position=&#8221;middle&#8221; column_margin=&#8221;default&#8221; column_direction=&#8221;default&#8221; column_direction_tablet=&#8221;default&#8221; column_direction_phone=&#8221;default&#8221; scene_position=&#8221;center&#8221; text_color=&#8221;dark&#8221; text_align=&#8221;left&#8221; row_border_radius=&#8221;none&#8221; row_border_radius_applies=&#8221;bg&#8221; overflow=&#8221;visible&#8221; overlay_strength=&#8221;0.3&#8243; gradient_direction=&#8221;left_to_right&#8221; shape_divider_position=&#8221;bottom&#8221; bg_image_animation=&#8221;none&#8221;][vc_column column_padding=&#8221;no-extra-padding&#8221; column_padding_tablet=&#8221;inherit&#8221; column_padding_phone=&#8221;inherit&#8221; column_padding_position=&#8221;all&#8221; column_element_direction_desktop=&#8221;default&#8221; column_element_spacing=&#8221;default&#8221; desktop_text_alignment=&#8221;default&#8221; tablet_text_alignment=&#8221;default&#8221; phone_text_alignment=&#8221;default&#8221; background_color_opacity=&#8221;1&#8243; background_hover_color_opacity=&#8221;1&#8243; column_backdrop_filter=&#8221;none&#8221; column_shadow=&#8221;none&#8221;&#8230;<\/p>\n","protected":false},"author":1,"featured_media":0,"parent":0,"menu_order":0,"comment_status":"closed","ping_status":"closed","template":"","meta":{"footnotes":""},"class_list":["post-4197","page","type-page","status-publish"],"_links":{"self":[{"href":"https:\/\/sovejaverde.ro\/index.php\/wp-json\/wp\/v2\/pages\/4197","targetHints":{"allow":["GET"]}}],"collection":[{"href":"https:\/\/sovejaverde.ro\/index.php\/wp-json\/wp\/v2\/pages"}],"about":[{"href":"https:\/\/sovejaverde.ro\/index.php\/wp-json\/wp\/v2\/types\/page"}],"author":[{"embeddable":true,"href":"https:\/\/sovejaverde.ro\/index.php\/wp-json\/wp\/v2\/users\/1"}],"replies":[{"embeddable":true,"href":"https:\/\/sovejaverde.ro\/index.php\/wp-json\/wp\/v2\/comments?post=4197"}],"version-history":[{"count":5,"href":"https:\/\/sovejaverde.ro\/index.php\/wp-json\/wp\/v2\/pages\/4197\/revisions"}],"predecessor-version":[{"id":4387,"href":"https:\/\/sovejaverde.ro\/index.php\/wp-json\/wp\/v2\/pages\/4197\/revisions\/4387"}],"wp:attachment":[{"href":"https:\/\/sovejaverde.ro\/index.php\/wp-json\/wp\/v2\/media?parent=4197"}],"curies":[{"name":"wp","href":"https:\/\/api.w.org\/{rel}","templated":true}]}}